{"id":19620,"date":"2014-06-26T11:21:22","date_gmt":"2014-06-26T11:21:22","guid":{"rendered":"http:\/\/demo.select-themes.com\/hazel3\/?page_id=19620"},"modified":"2014-12-16T15:02:47","modified_gmt":"2014-12-16T15:02:47","slug":"portfolio","status":"publish","type":"page","link":"https:\/\/makeln.com\/?page_id=19620","title":{"rendered":"Projekte"},"content":{"rendered":"<div    class=\"wpb_row section vc_row-fluid grid_section\" style='background-color:#ffffff; padding-top:34px; text-align:left;'><div class=\" section_inner clearfix\"><div class='section_inner_margin clearfix'>\n\t<div class=\"vc_span12 wpb_column column_container\">\n\t\t<div class=\"wpb_wrapper\">\n\t\t\t<div class=\"separator  transparent center  \" style=\"margin-top:35px;;margin-bottom:0px;\"><\/div>\n\n\t\t<\/div> \n\t<\/div> \n<\/div><\/div><\/div><div    class=\"wpb_row section vc_row-fluid grid_section\" style='background-color:#ffffff; padding-bottom:53px; text-align:left;'><div class=\" section_inner clearfix\"><div class='section_inner_margin clearfix'>\n\t<div class=\"vc_span12 wpb_column column_container\">\n\t\t<div class=\"wpb_wrapper\">\n\t\t\t<div class='projects_holder_outer v2  with_description_background '><div class='projects_holder clearfix v2 standard'>\n<article class='mix '><div class='image_holder'><a class='portfolio_link_for_touch' href='https:\/\/makeln.com\/?portfolio_page=wohnidyll-am-osterberg' target='_self'><span class='image'><img loading=\"lazy\" decoding=\"async\" width=\"800\" height=\"600\" src=\"https:\/\/makeln.com\/wp-content\/uploads\/2014\/11\/slide_1-800x600.jpg\" class=\"attachment-portfolio-landscape size-portfolio-landscape wp-post-image\" alt=\"\" \/><\/span><\/a><span class='text_holder'><span class='text_outer'><span class='text_inner'><span class='feature_holder'><span class=\"feature_holder_icons\"><a class='lightbox hover_icon_holder' title='Wohnidyll am Osterberg' href='https:\/\/makeln.com\/wp-content\/uploads\/2014\/11\/slide_1.jpg' data-rel='prettyPhoto[pretty_photo_gallery]'><span style=\"background-color: #429829;color: #ffffff\" class='hover_icon icon_search'><\/span><\/a><a class='preview hover_icon_holder' href='https:\/\/makeln.com\/?portfolio_page=wohnidyll-am-osterberg' target='_self'><span style=\"background-color: #429829;color: #ffffff\" class='hover_icon icon_link_alt'><\/span><\/a><\/span><\/span><\/span><\/span><\/span><\/div><div class='portfolio_description with_padding'style=background-color:#ffffff;'><h2 class=\"portfolio_title\"><a href=\"https:\/\/makeln.com\/?portfolio_page=wohnidyll-am-osterberg\" style=\"color: #429829\" target=\"_self\">Wohnidyll am Osterberg<\/a><\/h2><span  class=\"project_category\"><\/span><\/div><\/article>\n<article class='mix '><div class='image_holder'><a class='portfolio_link_for_touch' href='https:\/\/makeln.com\/?portfolio_page=wohnidyll-tostedt' target='_self'><span class='image'><img loading=\"lazy\" decoding=\"async\" width=\"800\" height=\"600\" src=\"https:\/\/makeln.com\/wp-content\/uploads\/2014\/11\/wohnidyll_tostedt-800x600.jpg\" class=\"attachment-portfolio-landscape size-portfolio-landscape wp-post-image\" alt=\"\" \/><\/span><\/a><span class='text_holder'><span class='text_outer'><span class='text_inner'><span class='feature_holder'><span class=\"feature_holder_icons\"><a class='lightbox hover_icon_holder' title='Wohnidyll Tostedt' href='https:\/\/makeln.com\/wp-content\/uploads\/2014\/11\/wohnidyll_tostedt.jpg' data-rel='prettyPhoto[pretty_photo_gallery]'><span style=\"background-color: #429829;color: #ffffff\" class='hover_icon icon_search'><\/span><\/a><a class='preview hover_icon_holder' href='https:\/\/makeln.com\/?portfolio_page=wohnidyll-tostedt' target='_self'><span style=\"background-color: #429829;color: #ffffff\" class='hover_icon icon_link_alt'><\/span><\/a><\/span><\/span><\/span><\/span><\/span><\/div><div class='portfolio_description with_padding'style=background-color:#ffffff;'><h2 class=\"portfolio_title\"><a href=\"https:\/\/makeln.com\/?portfolio_page=wohnidyll-tostedt\" style=\"color: #429829\" target=\"_self\">Wohnidyll Tostedt<\/a><\/h2><span  class=\"project_category\"><\/span><\/div><\/article>\n<div class='filler'><\/div>\n<div class='filler'><\/div>\n<\/div><\/div>\n\t\t<\/div> \n\t<\/div> \n<\/div><\/div><\/div>\n","protected":false},"excerpt":{"rendered":"Lage Tostedt ist ein Teil der Metropolregion Hansestadt Hamburg. Die kaufkraftstarke Gemeinde mit bester Infrastruktur geh\u00f6rt zum Landkreis Harburg (\u201eHamburger Speckg\u00fcrtel\u201c) im n\u00f6rdlichen Teil der L\u00fcneburger Heide. Tostedt verf\u00fcgt \u00fcber...","protected":false},"author":2,"featured_media":0,"parent":0,"menu_order":0,"comment_status":"open","ping_status":"open","template":"full_width.php","meta":{"footnotes":""},"class_list":["post-19620","page","type-page","status-publish","hentry"],"_links":{"self":[{"href":"https:\/\/makeln.com\/index.php?rest_route=\/wp\/v2\/pages\/19620"}],"collection":[{"href":"https:\/\/makeln.com\/index.php?rest_route=\/wp\/v2\/pages"}],"about":[{"href":"https:\/\/makeln.com\/index.php?rest_route=\/wp\/v2\/types\/page"}],"author":[{"embeddable":true,"href":"https:\/\/makeln.com\/index.php?rest_route=\/wp\/v2\/users\/2"}],"replies":[{"embeddable":true,"href":"https:\/\/makeln.com\/index.php?rest_route=%2Fwp%2Fv2%2Fcomments&post=19620"}],"version-history":[{"count":22,"href":"https:\/\/makeln.com\/index.php?rest_route=\/wp\/v2\/pages\/19620\/revisions"}],"predecessor-version":[{"id":20492,"href":"https:\/\/makeln.com\/index.php?rest_route=\/wp\/v2\/pages\/19620\/revisions\/20492"}],"wp:attachment":[{"href":"https:\/\/makeln.com\/index.php?rest_route=%2Fwp%2Fv2%2Fmedia&parent=19620"}],"curies":[{"name":"wp","href":"https:\/\/api.w.org\/{rel}","templated":true}]}}

Lage Tostedt ist ein Teil der Metropolregion Hansestadt Hamburg. Die kaufkraftstarke Gemeinde mit bester Infrastruktur gehört zum Landkreis Harburg („Hamburger Speckgürtel“) im nördlichen Teil der Lüneburger Heide. Tostedt verfügt über...
